e 0 = -5*h + 4*h + 4. Suppose -h*o - 4*l = -8*o + 248, 3*o - 4*l - 183 = 0. Is o prime?
False
Let w = -217 - -483. Let u = -121 + w. Is u composite?
True
Let r = 1762 - 1175. Is r prime?
True
Let u(s) = 2*s**2 + s + 2. Let f(h) = -h**3 + 4*h**2 + 7*h - 3. Let n be f(5). Let w(m) = -m + 2. Let k be w(n). Is u(k) a prime number?
True
Let s(a) = a**2 - a + 1. Let z be s(2). Suppose 0*m + 2*m = 4. Suppose -595 = -m*w - z*w. Is w composite?
True
Suppose -4*d - 3*v = -764, d + 3*v = -60 + 251. Is d composite?
False
Let b = 409 - 218. Is b composite?
False
Let a = -129 + 85. Let q = a - -829. Is q a composite number?
True
Suppose -8*k = -4042 + 450. Is k a prime number?
True
Let o(b) = -5*b**3 - b**2 - b. Let p be o(-1). Suppose 0 = -2*z - 0*z - v + 1343, p*v = -z + 658. Is z a prime number?
True
Let h(q) be the third derivative of -7/60*q**5 + 0 - 3/2*q**3 - 3*q**2 - 1/120*q**6 + 0*q + 1/4*q**4. Is h(-8) prime?
True
Is (-2640)/(-9) - 0 - 1/3 a composite number?
False
Let m = 81 - 20. Suppose m = 3*j - 212. Is j composite?
True
Suppose 783 - 55 = a - 3*z, 3*a = -2*z + 2195. Let q = a + -520. Is q composite?
False
Let z(v) = v**2 + 4*v. Let x be z(-6). Suppose x = 3*n + n. Suppose n*d = -2*d + 75. Is d prime?
False
Let u(c) = -13*c**2 + 15*c + 13 - 4*c + 3*c**2 - c**3 + 5*c. Is u(-12) a prime number?
True
Suppose 5*c = 6*c. Suppose c*f - 1315 = -5*f. Let s = f + -72. Is s a composite number?
False
Suppose -4*y = -2*i - 0*i + 5886, 2*y + 5882 = 2*i. Is i a composite number?
False
Let c(y) = -4 - 4*y + 38*y**2 - 12*y**2 + y. Suppose 0 = -4*g - 5*d + 22, 17 = 3*g - 0*d + 4*d. Is c(g) a composite number?
True
Suppose 0 = 2*j + 2*t + 4 + 6, 0 = j - 3*t - 3. Is 28 - 0 - (j + 5) a composite number?
True
Let y = -75 + 35. Is (y/(-16))/((-2)/(-20)) composite?
True
Suppose m = 3*q + 15, -2*m + m - 4*q - 20 = 0. Suppose 0 = -3*y + 4*b - m - 2, 4*b = 20. Is y a prime number?
False
Let b = -104 + 51. Let q be 4 + -1 - 6*b. Suppose -4*t + 5*f = -q, -t = -3*f + f - 84. Is t prime?
False
Suppose -z - 5*r + 1235 = 0, 7020 = 5*z - r + 741. Is z a composite number?
True
Suppose -4*p + 398 = -3158. Is p prime?
False
Let a be (0/3 - -1) + 2. Suppose -2*s - a*s = -25. Suppose 0 = 5*f - s*g + g - 265, -2*g = -f + 53. Is f a prime number?
True
Let i = 416 - -473. Is i a prime number?
False
Suppose 0*z + 5*z - 35 = 0. Suppose 2*v + 3*s = 19, 22 = 2*v + 5*s - 7. Suppose -v*w + z*w - 175 = 0. Is w prime?
False
Suppose 2*x = -3 + 17. Let w(u) = 2*u**2 - 5*u - 4. Is w(x) composite?
False
Suppose -5*y - 98 = -4573. Is y prime?
False
Suppose 7*n - 9*n = -318. Is n a composite number?
True
Let s(o) be the third derivative of -2/3*o**3 + 0*o - 1/8*o**4 + 0 - o**2. Is s(-9) prime?
True
Suppose 5*j + 5*i - 50 = 0, -2*i + 12 = 3*j - 5*i. Suppose 0 = j*m - 4*m - 12. Suppose -2*u - 124 = -m*u. Is u a composite number?
True
Let a(b) = b**3 - 8*b**2 + 6*b + 10. Suppose 3*l - 14 = l. Let u be a(l). Suppose 1 = -o, -i + o + 61 = u*i. Is i a prime number?
False
Let w(n) = 18*n + 1. Let b be w(4). Let v = 126 - b. Is v a prime number?
True
Let c = 56 - -21. Let t = c - 40. Is t a prime number?
True
Let r = 1 + 4. Suppose 4*q + 135 = 3*w + 3*q, w = -r*q + 61. Suppose t - w = -2*h, h = -0*t - 2*t + 26. Is h a prime number?
False
Let p = 104 + 53. Is p a composite number?
False
Let r be 2/(-4*1/(-10)). Let a = r + -2. Suppose -q + 4*s + 47 = -40, -a*s + 94 = q. Is q prime?
False
Is (1 - 1016/12)*-3 a prime number?
True
Let c(o) = 2*o**3 - 17*o**2 - 5*o - 11. Let y(n) = n**3 - 8*n**2 - 2*n - 5. Let z(k) = -2*c(k) + 5*y(k). Let u be z(6). Is 316/8*(-1 - u) a prime number?
True
Suppose -4*n = -2*b + n - 10, 0 = -5*b - 3*n + 6. Suppose b = 2*i - 4 - 0. Is (22/(-6))/(i/(-30)) composite?
True
Let s be 0/(0 - -2 - 0). Suppose s = 4*w - 402 + 38. Is w composite?
True
Let u be (2/2)/(7/84). Let w = u + -8. Is w prime?
False
Let g(o) = o**3 + 26*o**2 - 10*o - 5. Is g(-18) composite?
False
Let q = -1 - -4. Suppose -5*t - 470 = -q*w, -4*t + 68 + 83 = w. Is w a prime number?
False
Suppose 0 = -u - u + 382. Suppose 5*s + u + 19 = 3*x, -328 = -5*x + s. Is x prime?
False
Suppose 0 = -3*d - 2*s - 16, -2*s + 8 = d - 4*s. Let q = d - -2. Is (-1 - (-1 - q)) + 6 a prime number?
False
Suppose -v + 2 = -0. Suppose -3*y = y - 8. Suppose 4*t = -s + 144, -y*t = s + v*s - 62. Is t a prime number?
True
Let w(b) = -348*b**3 + b**2 + 4*b + 9. Is w(-2) a composite number?
False
Suppose 632 = 4*f + 56. Suppose 0 = -4*g - f + 56. Let p = g - -37. Is p composite?
True
Let n(t) = -t**2 - t**3 + t + 7*t + 5*t**2 - t. Is n(5) composite?
True
Is -2 + 163 - 1*(-8)/(-4) a prime number?
False
Let l = 10 + -13. Is (-3)/(l - (-112)/38) composite?
True
Suppose 4*a + 3*n = -19, 0 = 5*a + 2*n + 3*n + 25. Let r = -2 + a. Is (-1 + 9/r)*-58 a prime number?
False
Let x be (-1)/(-6) + (-3035)/30. Let o = 168 + x. Is o a prime number?
True
Suppose 0*f + 2*v - 13468 = -4*f, 0 = 3*f - 5*v - 10075. Is f prime?
False
Let j = 88 + 25. Is j a composite number?
False
Is 4/5 + (-2031)/(-5) prime?
False
Let s be ((-1 + 0)*4)/(-2). Suppose -3*c = -s*c. Is (c - 1/3)*-69 composite?
False
Suppose 8*v - 5*v = 777. Is v composite?
True
Let p = -40 + 41. Let r = 8 + -6. Suppose -b = p, -3*h - b = r*h - 69. Is h a prime number?
False
Suppose 6 = 5*r - 4*g - 15, r - 9 = -4*g. Suppose 6 = r*i - 2*i. Let t(w) = 4*w**3 + 4*w - 3. Is t(i) prime?
True
Let k = -3 + -1. Let v be 2 - 5/(10/6). Is (52 - v) + k + 4 composite?
False
Let n(b) be the first derivative of -b**4/4 + 10*b**3/3 - 9*b**2/2 + 11*b - 3. Is n(8) a prime number?
True
Suppose 0 = 2*z - 2*v - 8, 0*z + 4 = 2*z + 2*v. Suppose z*u + w - 1433 = 5*w, -w + 480 = u. Is u a composite number?
False
Let l be (-72)/(-2)*(-2)/(-3). Let k = l + -10. Is k prime?
False
Let h(u) = -6*u**3 + 2*u**2 - 2*u - 1. Suppose 3*a + 1 = 4*s, -2*a - 3*a + 5*s - 5 = 0. Is h(a) a composite number?
True
Let r(a) be the first derivative of -a**4/4 + 2*a**3 - 3*a + 1. Let k be r(4). Let i = -8 + k. Is i prime?
False
Let i = -394 + 579. Is i a prime number?
False
Suppose -z + 3*h + 6 = 2*z, 5*h = 0. Suppose -d - 4*l + 85 = 2*d, -4*l + 50 = z*d. Is d prime?
False
Let g(p) = 2*p + 2. Let f be g(4). Let d(j) = 0 + 13*j**2 - j**3 - j - 1 - 2*j**2. Is d(f) composite?
False
Let x = 136 - -100. Suppose 82 = -2*l + x. Is l composite?
True
Let n be (-12)/((-381)/372 - -1). Suppose -3*f = 2*d + 2*d - n, 4*f = -16. Is d a prime number?
True
Let y be (-2 - -1) + -2 + 4. Suppose 3*w = -v + 5*w + y, 9 = 3*w. Is v a prime number?
True
Let i = -10 - -14. Let f(c) = -4 + 14*c + 0 - 1. Is f(i) prime?
False
Let o = 21 + 37. Is o composite?
True
Let y(b) = 8*b + 7*b - 3*b + 14 + b**2 - 2*b**2. Is y(7) a prime number?
False
Let i = -1 - -2. Let k be (-68)/(-16) + i/(-4). Suppose -281 = -w - k*w - 2*s, -4*w + 3*s + 234 = 0. Is w a composite number?
True
Let j = 5 - 5. Suppose n - 5 = -j*n. Suppose 0 = m + n*k - 62, 418 = 5*m - 0*m - 2*k. Is m a composite number?
True
Suppose -5*d - x + 6214 = 0, 4*d + 248 = 2*x + 5222. Is d a composite number?
True
Suppose 623 + 598 = 2*t + l, -4*t = -3*l - 2427. Let a = -228 + t. Is a prime?
False
Let s(f) = f**2 - 2*f + 143. Is s(0) prime?
False
Suppose 4*g = 2*y - 508, 2*y = 6*y - g - 1051. Let i(u) = u**2 + 4*u - 16. Let k be i(-15). Let v = y - k. Is v a prime number?
False
Let p = 1 - -2. Suppose p*a - 3*s - 2 = -s, 0 = -4*a - 4*s + 36. Is (-2)/a*(0 + -14) composite?
False
Let i = 95 - -244. Is i composite?
True
Suppose -11 = 4*d + r, -4*d + r = -2*r + 15. Let j be (-2 - -7)/((-3)/d). Suppose 0 = 4*y, 3*s - j*y - 60 - 78 = 0. Is s prime?
False
Let p(h) = 67*h. Is p(1) prime?
True
Let o = 255 + -172. Is o prime?
True
Suppose 7*g - 3*g + 70 = 3*r, g = 2. Is r a prime number?
False
Let z(g) = -15*g**3 + g**2 + 4*g + 1. Let j be z(3). Let p = j + 544. Is p a composite number?
True
Suppose k + 4*k = 4*b - 779, 150 = -k - 5*b. Let h = -40 - k. Is h a prime number?
False
Let j be (4/(-6))/((-3)/(-252)). Let v be -2 + (1 + j)/(-1). Suppose i = -0*i + v. Is i prime?
True
Is (4 - (-195)/10)*(-1 + 23) a prime number?
False
Let y be ((-19)/3)/((-1)/3). Suppose 0 = -3*m - 5*f + 9, 5*m - y = -2*f - 4. Is m a composite number?
False
Suppose -5*j + 2*j = -477. Suppose -t - 5*x = -3*x - 33, 4*t = x + j. Is t a composite number?
True
I